{"id":58399,"date":"2024-09-11T06:52:01","date_gmt":"2024-09-11T06:52:01","guid":{"rendered":"https:\/\/torrent.es\/evento\/semana-europea-de-la-mobilitat-2024\/"},"modified":"2024-09-11T06:57:24","modified_gmt":"2024-09-11T06:57:24","slug":"semana-europea-de-la-mobilitat-2024","status":"publish","type":"tribe_events","link":"https:\/\/torrent.es\/va\/evento\/semana-europea-de-la-mobilitat-2024\/","title":{"rendered":"Setmana Europea de la Mobilitat 2024"},"content":{"rendered":"<p>DILLUNS 16 SETEMBRE<br \/>17.00 h Circuit d&#8217;educaci\u00f3 vi\u00e0ria infantil.<br \/>Ubicaci\u00f3: Pla\u00e7a Major.<\/p>\n<p>DIMARTS 17 SETEMBRE<br \/>10.00 h Circuit d&#8217;educaci\u00f3 vi\u00e0ria infantil.<br \/>Ubicaci\u00f3: Pla\u00e7a Major.<\/p>\n<p>18.00 h Circuit d&#8217;educaci\u00f3 vi\u00e0ria juvenil.<br \/>Ubicaci\u00f3: Pla\u00e7a Major.<\/p>\n<p>21.00 h Cinema i sopar a la fresca.<br \/>Projecci\u00f3 de la pel\u00b7l\u00edcula La bicicleta verda.<br \/>Ubicaci\u00f3: Plaza Uni\u00f3 Musical.<\/p>\n<p>DIMECRES 18 SETEMBRE<br \/>10.00 h Circuit d&#8217;educaci\u00f3 vi\u00e0ria infantil.<br \/>Ubicaci\u00f3: Pla\u00e7a Major.<\/p>\n<p>18.00 h Activitat de l&#8217;Associaci\u00f3 ASIDIT.<br \/>Ubicaci\u00f3: Av. Vedat, 5<\/p>\n<p>18.00 h Circuit d&#8217;educaci\u00f3 vi\u00e0ria juvenil.<br \/>Ubicaci\u00f3: Pla\u00e7a Major.<\/p>\n<p>20.00 h La cara \u201cB\u201d de la ciutat.<br \/>Passeig per Torrent amb destinaci\u00f3 a un dels llocs m\u00e9s especials i desconeguts de la ciutat.<br \/>Eixida des de Font de les Granotes.<\/p>\n<p> DIJOUS 19 SETEMBRE<br \/>10.00 h Circuit d&#8217;educaci\u00f3 vi\u00e0ria infantil.<br \/>Ubicaci\u00f3: Pla\u00e7a Major.<\/p>\n<p>10.00 h Inauguraci\u00f3 Fira de l&#8217;Autom\u00f2bil.<br \/>Ubicaci\u00f3: Plaza Bisbe Benlloch.<\/p>\n<p>18.00 h Circuit d&#8217;educaci\u00f3 vi\u00e0ria Juvenil.<br \/>Ubicaci\u00f3: Pla\u00e7a Major.<\/p>\n<p>DIVENDRES 20 SETEMBRE<br \/>10.00 h Fira de l&#8217;Autom\u00f2bil.<br \/>Ubicaci\u00f3: Plaza Bisbe Benlloch.<\/p>\n<p>19.00 h Empaqueta el teu cotxe.<br \/>Activitat de conscienciaci\u00f3 a la ciutadania sobre la necessitat d&#8217;una mobilitat multimodal i sostenible.<br \/>Ubicaci\u00f3: Avinguda Joan Carles I.<\/p>\n<p>DISSABTE 21 SETEMBRE<br \/>20.00 h Bicinit a les estreles.<br \/>Ruta ciclista nocturna i realitzaci\u00f3 d&#8217;una observaci\u00f3 astron\u00f2mica al Parc de Santa Ana (Albal).<br \/>Col\u00b7labora: Astro Torrent.<br \/>Ubicaci\u00f3: Plaza Bisbe Benlloch.<\/p>\n<p>DIUMENGE 22 SETEMBRE<br \/>09.00 h Desdejuni sostenible i volta amb bici per la ciutat amb motiu del \u201cDia Europeu sense Cotxes\u201d.<br \/>Organitza: Penya ciclista Torrent i Soterranya.<br \/>Col\u00b7labora: Levante EMV.<br \/>Ubicaci\u00f3: Plaza Bisbe Benlloch.                                   <\/p>\n","protected":false},"excerpt":{"rendered":"<p>DILLUNS 16 SETEMBRE17.00 h Circuit d&#8217;educaci\u00f3 vi\u00e0ria infantil.Ubicaci\u00f3: Pla\u00e7a Major. DIMARTS 17 SETEMBRE10.00 h Circuit d&#8217;educaci\u00f3 vi\u00e0ria infantil.Ubicaci\u00f3: Pla\u00e7a Major. 18.00 h Circuit d&#8217;educaci\u00f3 vi\u00e0ria juvenil.Ubicaci\u00f3: Pla\u00e7a Major. 21.00 h [&hellip;]<\/p>\n","protected":false},"author":15,"featured_media":58396,"comment_status":"open","ping_status":"closed","template":"","meta":{"_tribe_events_status":"","_tribe_events_status_reason":"","footnotes":""},"tags":[],"tribe_events_cat":[862],"class_list":["post-58399","tribe_events","type-tribe_events","status-publish","has-post-thumbnail","hentry","tribe_events_cat-mobilitat","cat_mobilitat"],"acf":[],"_links":{"self":[{"href":"https:\/\/torrent.es\/va\/wp-json\/wp\/v2\/tribe_events\/58399","targetHints":{"allow":["GET"]}}],"collection":[{"href":"https:\/\/torrent.es\/va\/wp-json\/wp\/v2\/tribe_events"}],"about":[{"href":"https:\/\/torrent.es\/va\/wp-json\/wp\/v2\/types\/tribe_events"}],"author":[{"embeddable":true,"href":"https:\/\/torrent.es\/va\/wp-json\/wp\/v2\/users\/15"}],"replies":[{"embeddable":true,"href":"https:\/\/torrent.es\/va\/wp-json\/wp\/v2\/comments?post=58399"}],"version-history":[{"count":0,"href":"https:\/\/torrent.es\/va\/wp-json\/wp\/v2\/tribe_events\/58399\/revisions"}],"wp:featuredmedia":[{"embeddable":true,"href":"https:\/\/torrent.es\/va\/wp-json\/wp\/v2\/media\/58396"}],"wp:attachment":[{"href":"https:\/\/torrent.es\/va\/wp-json\/wp\/v2\/media?parent=58399"}],"wp:term":[{"taxonomy":"post_tag","embeddable":true,"href":"https:\/\/torrent.es\/va\/wp-json\/wp\/v2\/tags?post=58399"},{"taxonomy":"tribe_events_cat","embeddable":true,"href":"https:\/\/torrent.es\/va\/wp-json\/wp\/v2\/tribe_events_cat?post=58399"}],"curies":[{"name":"wp","href":"https:\/\/api.w.org\/{rel}","templated":true}]}}

<p>DILLUNS 16 SETEMBRE<br />17.00 h Circuit d&#8217;educació viària infantil.<br />Ubicació: Plaça Major.</p>
<p>DIMARTS 17 SETEMBRE<br />10.00 h Circuit d&#8217;educació viària infantil.<br />Ubicació: Plaça Major.</p>
<p>18.00 h Circuit d&#8217;educació viària juvenil.<br />Ubicació: Plaça Major.</p>
<p>21.00 h Cinema i sopar a la fresca.<br />Projecció de la pel·lícula La bicicleta verda.<br />Ubicació: Plaza Unió Musical.</p>
<p>DIMECRES 18 SETEMBRE<br />10.00 h Circuit d&#8217;educació viària infantil.<br />Ubicació: Plaça Major.</p>
<p>18.00 h Activitat de l&#8217;Associació ASIDIT.<br />Ubicació: Av. Vedat, 5</p>
<p>18.00 h Circuit d&#8217;educació viària juvenil.<br />Ubicació: Plaça Major.</p>
<p>20.00 h La cara “B” de la ciutat.<br />Passeig per Torrent amb destinació a un dels llocs més especials i desconeguts de la ciutat.<br />Eixida des de Font de les Granotes.</p>
<p> DIJOUS 19 SETEMBRE<br />10.00 h Circuit d&#8217;educació viària infantil.<br />Ubicació: Plaça Major.</p>
<p>10.00 h Inauguració Fira de l&#8217;Automòbil.<br />Ubicació: Plaza Bisbe Benlloch.</p>
<p>18.00 h Circuit d&#8217;educació viària Juvenil.<br />Ubicació: Plaça Major.</p>
<p>DIVENDRES 20 SETEMBRE<br />10.00 h Fira de l&#8217;Automòbil.<br />Ubicació: Plaza Bisbe Benlloch.</p>
<p>19.00 h Empaqueta el teu cotxe.<br />Activitat de conscienciació a la ciutadania sobre la necessitat d&#8217;una mobilitat multimodal i sostenible.<br />Ubicació: Avinguda Joan Carles I.</p>
<p>DISSABTE 21 SETEMBRE<br />20.00 h Bicinit a les estreles.<br />Ruta ciclista nocturna i realització d&#8217;una observació astronòmica al Parc de Santa Ana (Albal).<br />Col·labora: Astro Torrent.<br />Ubicació: Plaza Bisbe Benlloch.</p>
<p>DIUMENGE 22 SETEMBRE<br />09.00 h Desdejuni sostenible i volta amb bici per la ciutat amb motiu del “Dia Europeu sense Cotxes”.<br />Organitza: Penya ciclista Torrent i Soterranya.<br />Col·labora: Levante EMV.<br />Ubicació: Plaza Bisbe Benlloch.                                   </p>

<p>DILLUNS 16 SETEMBRE17.00 h Circuit d&#8217;educació viària infantil.Ubicació: Plaça Major. DIMARTS 17 SETEMBRE10.00 h Circuit d&#8217;educació viària infantil.Ubicació: Plaça Major. 18.00 h Circuit d&#8217;educació viària juvenil.Ubicació: Plaça Major. 21.00 h [&hellip;]</p>
