{"id":46490,"date":"2023-11-30T13:15:38","date_gmt":"2023-11-30T13:15:38","guid":{"rendered":"https:\/\/torrent.es\/evento\/agenda-dactivitats-en-torrent-del-30-de-novembre-al-3-de-desembre\/"},"modified":"2023-11-30T13:15:38","modified_gmt":"2023-11-30T13:15:38","slug":"agenda-dactivitats-en-torrent-del-30-de-novembre-al-3-de-desembre","status":"publish","type":"tribe_events","link":"https:\/\/torrent.es\/va\/evento\/agenda-dactivitats-en-torrent-del-30-de-novembre-al-3-de-desembre\/","title":{"rendered":"Agenda d\u2019activitats en Torrent del 30 de novembre al 3 de desembre"},"content":{"rendered":"<div class=\"elementor-element elementor-element-bbcad79 elementor-widget elementor-widget-theme-post-content\" data-id=\"bbcad79\" data-element_type=\"widget\" data-widget_type=\"theme-post-content.default\">\n<div class=\"elementor-widget-container\">\n<p>Torrent avan\u00e7a el Nadal amb moltes de propostes que pots realitzar des de hui dijous i fins a este diumenge. A m\u00e9s, de les activitats que organitza l\u2019Ajuntament de Torrent, et proposem algunes que ens han fet arribar.<\/p>\n<p>Recordem que este divendres, despr\u00e9s de l\u2019encesa de llums, el dissabte i el diumenge haur\u00e0 de 18:00h a 21:00h. una passada d\u2019espectacle de llums i m\u00fasica a l\u2019Ajuntament, cada mitja hora.<\/p>\n<p><strong>DIJOUS, 30 de novembre de 2023<\/strong><\/p>\n<ul>\n<li>18:00h. Contacontes amb Silvia Colomer \u201cun fum de contes\u201d a la Casa de la Cultura.<\/li>\n<li>18:30h. Videof\u00f3rum invisibles de Gracia Querajeta, sobre la influ\u00e8ncia dels rols de g\u00e8nere. A la Casa de la Dona.<\/li>\n<li>19h. Gala de l\u2019Esport a l&#8217;EMAT.<\/li>\n<\/ul>\n<p><strong>DIVENDRES, 1 de desembre de 2023<\/strong><\/p>\n<ul>\n<li>9:30h. a 11:30h. Marisa Crespo formaci\u00f3 per a professionals el sistema prostitucional en la CV. A la Casa de la Dona.<\/li>\n<li>18:00h. a 21:00h. Inauguraci\u00f3 del Mercat Nadalenc en la Pla\u00e7a Uni\u00f3 Musical.<\/li>\n<li>18:00h. Presentaci\u00f3 del llibre \u201cLa hist\u00f2ria real d\u2019un pare descobrint l\u2019autisme\u201d, a la Casa de la Cultura.<\/li>\n<li>20:00h. Festa encesa de llums a la porta de l\u2019Ajuntament. Amb 100 xiquets de l\u2019Escola Coral, la UMT i el Cercle Cat\u00f2lic A m\u00e9s d\u2019espectacle de llums en la fa\u00e7ana de l\u2019Ajuntament amb els alumnes de l\u2019IES La Marxadella i masclet\u00e0 amb Hermanos Caballer.<\/li>\n<\/ul>\n<p><strong>DISSABTE, 2 de desembre de 2023<\/strong><\/p>\n<ul>\n<li>9:30h. Jornada de Portes obertes del Club de P\u00e0del en el poliesportiu Anabel Medina.<\/li>\n<li>9:30h. a 14:00h. Mercat d\u2019Artesania i 2a M\u00e0 en El Vedat, amb l\u2019AV El Vedat (C\/ Font de Sant Llu\u00eds).<\/li>\n<li>10:00h. a 14:00h. Dia del Voluntariat en la Pla\u00e7a de la Llibertat.<\/li>\n<li>11:00h. a 14:00h i de 17:00h. a 21:00h. Mercat Nadalenc amb activitats infantils en la Pla\u00e7a Uni\u00f3 Musical.<\/li>\n<li>11:00h. Torrent Digital Day en l\u2019Avinguda al Vedat, front edifici metro.<\/li>\n<li>12:00h. Contacontes \u201cCuentitis Naviditis\u201d en el Punt de Lectura de Parc Central.<\/li>\n<li>18:00h. Gala de Clausura del 50 Anviersari del Grup de Ball de Torrent.<\/li>\n<li>20:00h. Teatre \u201cLa Ratera\u201d, de \u00c1gatha Christie en l\u2019Auditori de Torrent. (venda d&#8217;entrades en <a href=\"https:\/\/www.auditoritorrent.com\" target=\"_blank\" rel=\"noopener\">https:\/\/www.auditoritorrent.com<\/a>).<\/li>\n<\/ul>\n<p><strong>DIUMENGE, 3 de desembre de 2023<\/strong><\/p>\n<ul>\n<li>10:00h. Carrera Escolar de la Caixa Rural Torrent, en la Avinguda al Vedat.<\/li>\n<li>10:30h. a 13:30h. Activitats Infantils pel Dia Mundial del S\u00f2l, en l\u2019Hort de Tr\u00e9nor.<\/li>\n<li>11:00h. a 14:00h i de 17:00h. a 21:00h. Mercat Nadalenc amb activitats infantils en la Pla\u00e7a Uni\u00f3 Musical.<\/li>\n<li>12:00h. El Torrent C.F. rep al filial Val\u00e8ncia C.F. Mestalla al Camp de Sant Gregori. Partit corresponent a la 2a RFEF. (entrades en el camp)<\/li>\n<li>13:00h. Concert Ben\u00e8fic de les germandats de la Parr\u00f2quia de Monte-Si\u00f3n. Participen les bandes de cornetes i tambors de les Germandats de la Verge dels Dolors i el Sant Sepulcre.<\/li>\n<li>19:00h. \u00d2pera Don Giovanni, una de les grans obres mestres de Mozart, en l\u2019Auditori de Torrent. (venda d&#8217;entrades en <a href=\"https:\/\/www.auditoritorrent.com\" target=\"_blank\" rel=\"noopener\">https:\/\/www.auditoritorrent.com<\/a>).<\/li>\n<\/ul>\n<\/div>\n<\/div>\n","protected":false},"excerpt":{"rendered":"<p>Torrent avan\u00e7a el Nadal amb moltes de propostes que pots realitzar des de hui dijous i fins a este diumenge. A m\u00e9s, de les activitats que organitza l\u2019Ajuntament de Torrent, [&hellip;]<\/p>\n","protected":false},"author":15,"featured_media":46488,"comment_status":"open","ping_status":"closed","template":"","meta":{"_tribe_events_status":"","_tribe_events_status_reason":"","footnotes":""},"tags":[],"tribe_events_cat":[838],"class_list":["post-46490","tribe_events","type-tribe_events","status-publish","has-post-thumbnail","hentry","tribe_events_cat-agenda-cap-de-setmana-va","cat_agenda-cap-de-setmana-va"],"acf":[],"_links":{"self":[{"href":"https:\/\/torrent.es\/va\/wp-json\/wp\/v2\/tribe_events\/46490","targetHints":{"allow":["GET"]}}],"collection":[{"href":"https:\/\/torrent.es\/va\/wp-json\/wp\/v2\/tribe_events"}],"about":[{"href":"https:\/\/torrent.es\/va\/wp-json\/wp\/v2\/types\/tribe_events"}],"author":[{"embeddable":true,"href":"https:\/\/torrent.es\/va\/wp-json\/wp\/v2\/users\/15"}],"replies":[{"embeddable":true,"href":"https:\/\/torrent.es\/va\/wp-json\/wp\/v2\/comments?post=46490"}],"version-history":[{"count":0,"href":"https:\/\/torrent.es\/va\/wp-json\/wp\/v2\/tribe_events\/46490\/revisions"}],"wp:featuredmedia":[{"embeddable":true,"href":"https:\/\/torrent.es\/va\/wp-json\/wp\/v2\/media\/46488"}],"wp:attachment":[{"href":"https:\/\/torrent.es\/va\/wp-json\/wp\/v2\/media?parent=46490"}],"wp:term":[{"taxonomy":"post_tag","embeddable":true,"href":"https:\/\/torrent.es\/va\/wp-json\/wp\/v2\/tags?post=46490"},{"taxonomy":"tribe_events_cat","embeddable":true,"href":"https:\/\/torrent.es\/va\/wp-json\/wp\/v2\/tribe_events_cat?post=46490"}],"curies":[{"name":"wp","href":"https:\/\/api.w.org\/{rel}","templated":true}]}}

<div class="elementor-element elementor-element-bbcad79 elementor-widget elementor-widget-theme-post-content" data-id="bbcad79" data-element_type="widget" data-widget_type="theme-post-content.default">
<div class="elementor-widget-container">
<p>Torrent avança el Nadal amb moltes de propostes que pots realitzar des de hui dijous i fins a este diumenge. A més, de les activitats que organitza l’Ajuntament de Torrent, et proposem algunes que ens han fet arribar.</p>
<p>Recordem que este divendres, després de l’encesa de llums, el dissabte i el diumenge haurà de 18:00h a 21:00h. una passada d’espectacle de llums i música a l’Ajuntament, cada mitja hora.</p>
<p><strong>DIJOUS, 30 de novembre de 2023</strong></p>
<ul>
<li>18:00h. Contacontes amb Silvia Colomer “un fum de contes” a la Casa de la Cultura.</li>
<li>18:30h. Videofórum invisibles de Gracia Querajeta, sobre la influència dels rols de gènere. A la Casa de la Dona.</li>
<li>19h. Gala de l’Esport a l&#8217;EMAT.</li>
</ul>
<p><strong>DIVENDRES, 1 de desembre de 2023</strong></p>
<ul>
<li>9:30h. a 11:30h. Marisa Crespo formació per a professionals el sistema prostitucional en la CV. A la Casa de la Dona.</li>
<li>18:00h. a 21:00h. Inauguració del Mercat Nadalenc en la Plaça Unió Musical.</li>
<li>18:00h. Presentació del llibre “La història real d’un pare descobrint l’autisme”, a la Casa de la Cultura.</li>
<li>20:00h. Festa encesa de llums a la porta de l’Ajuntament. Amb 100 xiquets de l’Escola Coral, la UMT i el Cercle Catòlic A més d’espectacle de llums en la façana de l’Ajuntament amb els alumnes de l’IES La Marxadella i mascletà amb Hermanos Caballer.</li>
</ul>
<p><strong>DISSABTE, 2 de desembre de 2023</strong></p>
<ul>
<li>9:30h. Jornada de Portes obertes del Club de Pàdel en el poliesportiu Anabel Medina.</li>
<li>9:30h. a 14:00h. Mercat d’Artesania i 2a Mà en El Vedat, amb l’AV El Vedat (C/ Font de Sant Lluís).</li>
<li>10:00h. a 14:00h. Dia del Voluntariat en la Plaça de la Llibertat.</li>
<li>11:00h. a 14:00h i de 17:00h. a 21:00h. Mercat Nadalenc amb activitats infantils en la Plaça Unió Musical.</li>
<li>11:00h. Torrent Digital Day en l’Avinguda al Vedat, front edifici metro.</li>
<li>12:00h. Contacontes “Cuentitis Naviditis” en el Punt de Lectura de Parc Central.</li>
<li>18:00h. Gala de Clausura del 50 Anviersari del Grup de Ball de Torrent.</li>
<li>20:00h. Teatre “La Ratera”, de Ágatha Christie en l’Auditori de Torrent. (venda d&#8217;entrades en <a href="https://www.auditoritorrent.com" target="_blank" rel="noopener">https://www.auditoritorrent.com</a>).</li>
</ul>
<p><strong>DIUMENGE, 3 de desembre de 2023</strong></p>
<ul>
<li>10:00h. Carrera Escolar de la Caixa Rural Torrent, en la Avinguda al Vedat.</li>
<li>10:30h. a 13:30h. Activitats Infantils pel Dia Mundial del Sòl, en l’Hort de Trénor.</li>
<li>11:00h. a 14:00h i de 17:00h. a 21:00h. Mercat Nadalenc amb activitats infantils en la Plaça Unió Musical.</li>
<li>12:00h. El Torrent C.F. rep al filial València C.F. Mestalla al Camp de Sant Gregori. Partit corresponent a la 2a RFEF. (entrades en el camp)</li>
<li>13:00h. Concert Benèfic de les germandats de la Parròquia de Monte-Sión. Participen les bandes de cornetes i tambors de les Germandats de la Verge dels Dolors i el Sant Sepulcre.</li>
<li>19:00h. Òpera Don Giovanni, una de les grans obres mestres de Mozart, en l’Auditori de Torrent. (venda d&#8217;entrades en <a href="https://www.auditoritorrent.com" target="_blank" rel="noopener">https://www.auditoritorrent.com</a>).</li>
</ul>
</div>
</div>

<p>Torrent avança el Nadal amb moltes de propostes que pots realitzar des de hui dijous i fins a este diumenge. A més, de les activitats que organitza l’Ajuntament de Torrent, [&hellip;]</p>
